{"id":357,"date":"2022-04-04T10:59:56","date_gmt":"2022-04-04T10:59:56","guid":{"rendered":"https:\/\/physics-tutor.nl\/?page_id=357"},"modified":"2022-11-18T14:40:30","modified_gmt":"2022-11-18T14:40:30","slug":"contact","status":"publish","type":"page","link":"https:\/\/profdephysique.fr\/?page_id=357","title":{"rendered":"Contact"},"content":{"rendered":"\t\t<div data-elementor-type=\"wp-page\" data-elementor-id=\"357\" class=\"elementor elementor-357\">\n\t\t\t\t\t\t<section class=\"elementor-section elementor-top-section elementor-element elementor-element-95721c9 elementor-section-boxed elementor-section-height-default elementor-section-height-default\" data-id=\"95721c9\" data-element_type=\"section\" data-e-type=\"section\">\n\t\t\t\t\t\t\t<div class=\"elementor-background-overlay\"><\/div>\n\t\t\t\t\t\t\t<div class=\"elementor-container elementor-column-gap-default\">\n\t\t\t\t\t<div class=\"elementor-column elementor-col-100 elementor-top-column elementor-element elementor-element-3b65596\" data-id=\"3b65596\" data-element_type=\"column\" data-e-type=\"column\" data-settings=\"{&quot;background_background&quot;:&quot;gradient&quot;}\">\n\t\t\t<div class=\"elementor-widget-wrap elementor-element-populated\">\n\t\t\t\t\t\t<div class=\"elementor-element elementor-element-dfd912d elementor-widget elementor-widget-spacer\" data-id=\"dfd912d\" data-element_type=\"widget\" data-e-type=\"widget\" data-widget_type=\"spacer.default\">\n\t\t\t\t<div class=\"elementor-widget-container\">\n\t\t\t\t\t\t\t<div class=\"elementor-spacer\">\n\t\t\t<div class=\"elementor-spacer-inner\"><\/div>\n\t\t<\/div>\n\t\t\t\t\t\t<\/div>\n\t\t\t\t<\/div>\n\t\t\t\t<section class=\"elementor-section elementor-inner-section elementor-element elementor-element-6bec4b8 elementor-section-boxed elementor-section-height-default elementor-section-height-default\" data-id=\"6bec4b8\" data-element_type=\"section\" data-e-type=\"section\">\n\t\t\t\t\t\t<div class=\"elementor-container elementor-column-gap-default\">\n\t\t\t\t\t<div class=\"elementor-column elementor-col-100 elementor-inner-column elementor-element elementor-element-abfd35f\" data-id=\"abfd35f\" data-element_type=\"column\" data-e-type=\"column\">\n\t\t\t<div class=\"elementor-widget-wrap elementor-element-populated\">\n\t\t\t\t\t\t<div class=\"elementor-element elementor-element-49a954a elementor-widget elementor-widget-heading\" data-id=\"49a954a\" data-element_type=\"widget\" data-e-type=\"widget\" data-widget_type=\"heading.default\">\n\t\t\t\t<div class=\"elementor-widget-container\">\n\t\t\t\t\t<h2 class=\"elementor-heading-title elementor-size-large\">Contact<\/h2>\t\t\t\t<\/div>\n\t\t\t\t<\/div>\n\t\t\t\t<div class=\"elementor-element elementor-element-e1b4847 elementor-widget elementor-widget-text-editor\" data-id=\"e1b4847\" data-element_type=\"widget\" data-e-type=\"widget\" data-widget_type=\"text-editor.default\">\n\t\t\t\t<div class=\"elementor-widget-container\">\n\t\t\t\t\t\t\t\t\t<p><strong>Vous souhaitez offrir un soutien scolaire \u00e0 votre fils ou \u00e0 votre fille ?<\/strong><br \/><strong>Vous avez besoin d\u2019information suppl\u00e9mentaires ?<\/strong><br \/><strong>Contactez-moi en utilisant le formulaire ci-dessous.<\/strong><\/p>\t\t\t\t\t\t\t\t<\/div>\n\t\t\t\t<\/div>\n\t\t\t\t\t<\/div>\n\t\t<\/div>\n\t\t\t\t\t<\/div>\n\t\t<\/section>\n\t\t\t\t<div class=\"elementor-element elementor-element-3568bac elementor-widget elementor-widget-spacer\" data-id=\"3568bac\" data-element_type=\"widget\" data-e-type=\"widget\" data-widget_type=\"spacer.default\">\n\t\t\t\t<div class=\"elementor-widget-container\">\n\t\t\t\t\t\t\t<div class=\"elementor-spacer\">\n\t\t\t<div class=\"elementor-spacer-inner\"><\/div>\n\t\t<\/div>\n\t\t\t\t\t\t<\/div>\n\t\t\t\t<\/div>\n\t\t\t\t\t<\/div>\n\t\t<\/div>\n\t\t\t\t\t<\/div>\n\t\t<\/section>\n\t\t\t\t<section class=\"elementor-section elementor-top-section elementor-element elementor-element-982d8bf elementor-section-boxed elementor-section-height-default elementor-section-height-default\" data-id=\"982d8bf\" data-element_type=\"section\" data-e-type=\"section\" data-settings=\"{&quot;background_background&quot;:&quot;gradient&quot;}\">\n\t\t\t\t\t\t<div class=\"elementor-container elementor-column-gap-default\">\n\t\t\t\t\t<div class=\"elementor-column elementor-col-100 elementor-top-column elementor-element elementor-element-b5e3011\" data-id=\"b5e3011\" data-element_type=\"column\" data-e-type=\"column\">\n\t\t\t<div class=\"elementor-widget-wrap elementor-element-populated\">\n\t\t\t\t\t\t<div class=\"elementor-element elementor-element-cbed6dc elementor-widget elementor-widget-htmega-contactform-addons\" data-id=\"cbed6dc\" data-element_type=\"widget\" data-e-type=\"widget\" data-widget_type=\"htmega-contactform-addons.default\">\n\t\t\t\t<div class=\"elementor-widget-container\">\n\t\t\t\t\t            <div class=\"htmega-form-wrapper sidcbed6dc htmega-form-style-3\" >\n                \n<div class=\"wpcf7 no-js\" id=\"wpcf7-f363-o1\" lang=\"en-GB\" dir=\"ltr\" data-wpcf7-id=\"363\">\n<div class=\"screen-reader-response\"><p role=\"status\" aria-live=\"polite\" aria-atomic=\"true\"><\/p> <ul><\/ul><\/div>\n<form action=\"\/index.php?rest_route=%2Fwp%2Fv2%2Fpages%2F357#wpcf7-f363-o1\" method=\"post\" class=\"wpcf7-form init\" aria-label=\"Contact form\" novalidate=\"novalidate\" data-status=\"init\">\n<fieldset class=\"hidden-fields-container\"><input type=\"hidden\" name=\"_wpcf7\" value=\"363\" \/><input type=\"hidden\" name=\"_wpcf7_version\" value=\"6.1.5\" \/><input type=\"hidden\" name=\"_wpcf7_locale\" value=\"en_GB\" \/><input type=\"hidden\" name=\"_wpcf7_unit_tag\" value=\"wpcf7-f363-o1\" \/><input type=\"hidden\" name=\"_wpcf7_container_post\" value=\"0\" \/><input type=\"hidden\" name=\"_wpcf7_posted_data_hash\" value=\"\" \/>\n<\/fieldset>\n<p><label> Votre nom<br \/>\n<span class=\"wpcf7-form-control-wrap\" data-name=\"your-name\"><input size=\"40\" maxlength=\"400\" class=\"wpcf7-form-control wpcf7-text wpcf7-validates-as-required\" aria-required=\"true\" aria-invalid=\"false\" value=\"\" type=\"text\" name=\"your-name\" \/><\/span> <\/label>\n<\/p>\n<p><label> Votre email<br \/>\n<span class=\"wpcf7-form-control-wrap\" data-name=\"your-email\"><input size=\"40\" maxlength=\"400\" class=\"wpcf7-form-control wpcf7-email wpcf7-validates-as-required wpcf7-text wpcf7-validates-as-email\" aria-required=\"true\" aria-invalid=\"false\" value=\"\" type=\"email\" name=\"your-email\" \/><\/span> <\/label>\n<\/p>\n<p><label> Sujet du message<br \/>\n<span class=\"wpcf7-form-control-wrap\" data-name=\"your-subject\"><input size=\"40\" maxlength=\"400\" class=\"wpcf7-form-control wpcf7-text wpcf7-validates-as-required\" aria-required=\"true\" aria-invalid=\"false\" value=\"\" type=\"text\" name=\"your-subject\" \/><\/span> <\/label>\n<\/p>\n<p><label> Votre message<br \/>\n<span class=\"wpcf7-form-control-wrap\" data-name=\"your-message\"><textarea cols=\"40\" rows=\"10\" maxlength=\"2000\" class=\"wpcf7-form-control wpcf7-textarea wpcf7-validates-as-required\" aria-required=\"true\" aria-invalid=\"false\" name=\"your-message\"><\/textarea><\/span> <\/label>\n<\/p>\n<p><input class=\"wpcf7-form-control wpcf7-submit has-spinner\" type=\"submit\" value=\"Envoyer\" \/>\n<\/p><div class=\"wpcf7-response-output\" aria-hidden=\"true\"><\/div>\n<\/form>\n<\/div>\n            <\/div>\n\n\n        \t\t\t\t<\/div>\n\t\t\t\t<\/div>\n\t\t\t\t<div class=\"elementor-element elementor-element-2d4a86d elementor-widget elementor-widget-spacer\" data-id=\"2d4a86d\" data-element_type=\"widget\" data-e-type=\"widget\" data-widget_type=\"spacer.default\">\n\t\t\t\t<div class=\"elementor-widget-container\">\n\t\t\t\t\t\t\t<div class=\"elementor-spacer\">\n\t\t\t<div class=\"elementor-spacer-inner\"><\/div>\n\t\t<\/div>\n\t\t\t\t\t\t<\/div>\n\t\t\t\t<\/div>\n\t\t\t\t\t<\/div>\n\t\t<\/div>\n\t\t\t\t\t<\/div>\n\t\t<\/section>\n\t\t\t\t<section class=\"elementor-section elementor-top-section elementor-element elementor-element-22e8dc7 elementor-section-boxed elementor-section-height-default elementor-section-height-default\" data-id=\"22e8dc7\" data-element_type=\"section\" data-e-type=\"section\" data-settings=\"{&quot;background_background&quot;:&quot;classic&quot;}\">\n\t\t\t\t\t\t<div class=\"elementor-container elementor-column-gap-default\">\n\t\t\t\t\t<div class=\"elementor-column elementor-col-100 elementor-top-column elementor-element elementor-element-6be05fc\" data-id=\"6be05fc\" data-element_type=\"column\" data-e-type=\"column\">\n\t\t\t<div class=\"elementor-widget-wrap elementor-element-populated\">\n\t\t\t\t\t\t<div class=\"elementor-element elementor-element-29e12a7 elementor-widget elementor-widget-spacer\" data-id=\"29e12a7\" data-element_type=\"widget\" data-e-type=\"widget\" data-widget_type=\"spacer.default\">\n\t\t\t\t<div class=\"elementor-widget-container\">\n\t\t\t\t\t\t\t<div class=\"elementor-spacer\">\n\t\t\t<div class=\"elementor-spacer-inner\"><\/div>\n\t\t<\/div>\n\t\t\t\t\t\t<\/div>\n\t\t\t\t<\/div>\n\t\t\t\t<div class=\"elementor-element elementor-element-d9cab69 elementor-widget elementor-widget-image\" data-id=\"d9cab69\" data-element_type=\"widget\" data-e-type=\"widget\" data-widget_type=\"image.default\">\n\t\t\t\t<div class=\"elementor-widget-container\">\n\t\t\t\t\t\t\t\t\t\t\t\t\t\t\t<img fetchpriority=\"high\" decoding=\"async\" width=\"720\" height=\"405\" src=\"https:\/\/profdephysique.fr\/wp-content\/uploads\/2022\/11\/Edouard_PT_01_LR.jpg\" class=\"attachment-large size-large wp-image-566\" alt=\"Edouard Reny. Professeur particulier en Physique (Lyc\u00e9e et pr\u00e9paration au Bac.)\" srcset=\"https:\/\/profdephysique.fr\/wp-content\/uploads\/2022\/11\/Edouard_PT_01_LR.jpg 720w, https:\/\/profdephysique.fr\/wp-content\/uploads\/2022\/11\/Edouard_PT_01_LR-300x169.jpg 300w\" sizes=\"(max-width: 720px) 100vw, 720px\" \/>\t\t\t\t\t\t\t\t\t\t\t\t\t\t\t<\/div>\n\t\t\t\t<\/div>\n\t\t\t\t<div class=\"elementor-element elementor-element-066831d elementor-widget elementor-widget-text-editor\" data-id=\"066831d\" data-element_type=\"widget\" data-e-type=\"widget\" data-widget_type=\"text-editor.default\">\n\t\t\t\t<div class=\"elementor-widget-container\">\n\t\t\t\t\t\t\t\t\t<p><strong>E. Reny Tutoring Services<\/strong><br \/><em>A branch of Edouard Reny Services<\/em><br \/>Siret: 908 827 629 00019<\/p>\t\t\t\t\t\t\t\t<\/div>\n\t\t\t\t<\/div>\n\t\t\t\t<div class=\"elementor-element elementor-element-7d4888e elementor-widget elementor-widget-spacer\" data-id=\"7d4888e\" data-element_type=\"widget\" data-e-type=\"widget\" data-widget_type=\"spacer.default\">\n\t\t\t\t<div class=\"elementor-widget-container\">\n\t\t\t\t\t\t\t<div class=\"elementor-spacer\">\n\t\t\t<div class=\"elementor-spacer-inner\"><\/div>\n\t\t<\/div>\n\t\t\t\t\t\t<\/div>\n\t\t\t\t<\/div>\n\t\t\t\t\t<\/div>\n\t\t<\/div>\n\t\t\t\t\t<\/div>\n\t\t<\/section>\n\t\t\t\t<\/div>\n\t\t","protected":false},"excerpt":{"rendered":"<p>Contact Vous souhaitez offrir un soutien scolaire \u00e0 votre fils ou \u00e0 votre fille ? Vous avez besoin d\u2019information suppl\u00e9mentaires ? Contactez-moi en utilisant le formulaire ci-dessous. Votre nom Votre email Sujet du message Votre message E. Reny Tutoring Services A branch of Edouard Reny Services Siret: 908 827 629 00019<\/p>\n","protected":false},"author":1,"featured_media":0,"parent":0,"menu_order":0,"comment_status":"closed","ping_status":"closed","template":"elementor_header_footer","meta":{"footnotes":""},"class_list":["post-357","page","type-page","status-publish","hentry"],"yoast_head":"<!-- This site is optimized with the Yoast SEO plugin v27.4 - https:\/\/yoast.com\/product\/yoast-seo-wordpress\/ -->\n<title>Contactez un Professeur Particulier de Physique Chimie<\/title>\n<meta name=\"description\" content=\"Edouard Reny, tuteur de physique sp\u00e9cialis\u00e9 dans l&#039;enseignement des sciences physiques au niveau Lyc\u00e9e (France et International).\" \/>\n<meta name=\"robots\" content=\"index, follow, max-snippet:-1, max-image-preview:large, max-video-preview:-1\" \/>\n<link rel=\"canonical\" href=\"https:\/\/profdephysique.fr\/?page_id=357\" \/>\n<meta property=\"og:locale\" content=\"en_GB\" \/>\n<meta property=\"og:type\" content=\"article\" \/>\n<meta property=\"og:title\" content=\"Contactez un Professeur Particulier de Physique Chimie\" \/>\n<meta property=\"og:description\" content=\"Edouard Reny, tuteur de physique sp\u00e9cialis\u00e9 dans l&#039;enseignement des sciences physiques au niveau Lyc\u00e9e (France et International).\" \/>\n<meta property=\"og:url\" content=\"https:\/\/profdephysique.fr\/?page_id=357\" \/>\n<meta property=\"og:site_name\" content=\"Cours Particuliers de Physique\" \/>\n<meta property=\"article:modified_time\" content=\"2022-11-18T14:40:30+00:00\" \/>\n<meta property=\"og:image\" content=\"https:\/\/profdephysique.fr\/wp-content\/uploads\/2022\/11\/Edouard_PT_01_LR.jpg\" \/>\n<meta name=\"twitter:card\" content=\"summary_large_image\" \/>\n<meta name=\"twitter:label1\" content=\"Estimated reading time\" \/>\n\t<meta name=\"twitter:data1\" content=\"1 minute\" \/>\n<script type=\"application\/ld+json\" class=\"yoast-schema-graph\">{\"@context\":\"https:\\\/\\\/schema.org\",\"@graph\":[{\"@type\":\"WebPage\",\"@id\":\"https:\\\/\\\/profdephysique.fr\\\/?page_id=357\",\"url\":\"https:\\\/\\\/profdephysique.fr\\\/?page_id=357\",\"name\":\"Contactez un Professeur Particulier de Physique Chimie\",\"isPartOf\":{\"@id\":\"https:\\\/\\\/profdephysique.fr\\\/#website\"},\"primaryImageOfPage\":{\"@id\":\"https:\\\/\\\/profdephysique.fr\\\/?page_id=357#primaryimage\"},\"image\":{\"@id\":\"https:\\\/\\\/profdephysique.fr\\\/?page_id=357#primaryimage\"},\"thumbnailUrl\":\"https:\\\/\\\/profdephysique.fr\\\/wp-content\\\/uploads\\\/2022\\\/11\\\/Edouard_PT_01_LR.jpg\",\"datePublished\":\"2022-04-04T10:59:56+00:00\",\"dateModified\":\"2022-11-18T14:40:30+00:00\",\"description\":\"Edouard Reny, tuteur de physique sp\u00e9cialis\u00e9 dans l'enseignement des sciences physiques au niveau Lyc\u00e9e (France et International).\",\"breadcrumb\":{\"@id\":\"https:\\\/\\\/profdephysique.fr\\\/?page_id=357#breadcrumb\"},\"inLanguage\":\"en-GB\",\"potentialAction\":[{\"@type\":\"ReadAction\",\"target\":[\"https:\\\/\\\/profdephysique.fr\\\/?page_id=357\"]}]},{\"@type\":\"ImageObject\",\"inLanguage\":\"en-GB\",\"@id\":\"https:\\\/\\\/profdephysique.fr\\\/?page_id=357#primaryimage\",\"url\":\"https:\\\/\\\/profdephysique.fr\\\/wp-content\\\/uploads\\\/2022\\\/11\\\/Edouard_PT_01_LR.jpg\",\"contentUrl\":\"https:\\\/\\\/profdephysique.fr\\\/wp-content\\\/uploads\\\/2022\\\/11\\\/Edouard_PT_01_LR.jpg\",\"width\":720,\"height\":405,\"caption\":\"Cours particuliers de physique Chimie. Suivi et soutien scolaire. Niveau: Lyc\u00e9e et pr\u00e9paration au Bac.\"},{\"@type\":\"BreadcrumbList\",\"@id\":\"https:\\\/\\\/profdephysique.fr\\\/?page_id=357#breadcrumb\",\"itemListElement\":[{\"@type\":\"ListItem\",\"position\":1,\"name\":\"Home\",\"item\":\"https:\\\/\\\/profdephysique.fr\\\/\"},{\"@type\":\"ListItem\",\"position\":2,\"name\":\"Contact\"}]},{\"@type\":\"WebSite\",\"@id\":\"https:\\\/\\\/profdephysique.fr\\\/#website\",\"url\":\"https:\\\/\\\/profdephysique.fr\\\/\",\"name\":\"Cours Particuliers de Physique\",\"description\":\"Professeur de Physique Ind\u00e9pendant\",\"publisher\":{\"@id\":\"https:\\\/\\\/profdephysique.fr\\\/#organization\"},\"potentialAction\":[{\"@type\":\"SearchAction\",\"target\":{\"@type\":\"EntryPoint\",\"urlTemplate\":\"https:\\\/\\\/profdephysique.fr\\\/?s={search_term_string}\"},\"query-input\":{\"@type\":\"PropertyValueSpecification\",\"valueRequired\":true,\"valueName\":\"search_term_string\"}}],\"inLanguage\":\"en-GB\"},{\"@type\":\"Organization\",\"@id\":\"https:\\\/\\\/profdephysique.fr\\\/#organization\",\"name\":\"Cours Particuliers de Physique\",\"url\":\"https:\\\/\\\/profdephysique.fr\\\/\",\"logo\":{\"@type\":\"ImageObject\",\"inLanguage\":\"en-GB\",\"@id\":\"https:\\\/\\\/profdephysique.fr\\\/#\\\/schema\\\/logo\\\/image\\\/\",\"url\":\"https:\\\/\\\/profdephysique.fr\\\/wp-content\\\/uploads\\\/2022\\\/11\\\/LOGOFR_LR.jpg\",\"contentUrl\":\"https:\\\/\\\/profdephysique.fr\\\/wp-content\\\/uploads\\\/2022\\\/11\\\/LOGOFR_LR.jpg\",\"width\":1349,\"height\":194,\"caption\":\"Cours Particuliers de Physique\"},\"image\":{\"@id\":\"https:\\\/\\\/profdephysique.fr\\\/#\\\/schema\\\/logo\\\/image\\\/\"}}]}<\/script>\n<!-- \/ Yoast SEO plugin. -->","yoast_head_json":{"title":"Contactez un Professeur Particulier de Physique Chimie","description":"Edouard Reny, tuteur de physique sp\u00e9cialis\u00e9 dans l'enseignement des sciences physiques au niveau Lyc\u00e9e (France et International).","robots":{"index":"index","follow":"follow","max-snippet":"max-snippet:-1","max-image-preview":"max-image-preview:large","max-video-preview":"max-video-preview:-1"},"canonical":"https:\/\/profdephysique.fr\/?page_id=357","og_locale":"en_GB","og_type":"article","og_title":"Contactez un Professeur Particulier de Physique Chimie","og_description":"Edouard Reny, tuteur de physique sp\u00e9cialis\u00e9 dans l'enseignement des sciences physiques au niveau Lyc\u00e9e (France et International).","og_url":"https:\/\/profdephysique.fr\/?page_id=357","og_site_name":"Cours Particuliers de Physique","article_modified_time":"2022-11-18T14:40:30+00:00","og_image":[{"url":"https:\/\/profdephysique.fr\/wp-content\/uploads\/2022\/11\/Edouard_PT_01_LR.jpg","type":"","width":"","height":""}],"twitter_card":"summary_large_image","twitter_misc":{"Estimated reading time":"1 minute"},"schema":{"@context":"https:\/\/schema.org","@graph":[{"@type":"WebPage","@id":"https:\/\/profdephysique.fr\/?page_id=357","url":"https:\/\/profdephysique.fr\/?page_id=357","name":"Contactez un Professeur Particulier de Physique Chimie","isPartOf":{"@id":"https:\/\/profdephysique.fr\/#website"},"primaryImageOfPage":{"@id":"https:\/\/profdephysique.fr\/?page_id=357#primaryimage"},"image":{"@id":"https:\/\/profdephysique.fr\/?page_id=357#primaryimage"},"thumbnailUrl":"https:\/\/profdephysique.fr\/wp-content\/uploads\/2022\/11\/Edouard_PT_01_LR.jpg","datePublished":"2022-04-04T10:59:56+00:00","dateModified":"2022-11-18T14:40:30+00:00","description":"Edouard Reny, tuteur de physique sp\u00e9cialis\u00e9 dans l'enseignement des sciences physiques au niveau Lyc\u00e9e (France et International).","breadcrumb":{"@id":"https:\/\/profdephysique.fr\/?page_id=357#breadcrumb"},"inLanguage":"en-GB","potentialAction":[{"@type":"ReadAction","target":["https:\/\/profdephysique.fr\/?page_id=357"]}]},{"@type":"ImageObject","inLanguage":"en-GB","@id":"https:\/\/profdephysique.fr\/?page_id=357#primaryimage","url":"https:\/\/profdephysique.fr\/wp-content\/uploads\/2022\/11\/Edouard_PT_01_LR.jpg","contentUrl":"https:\/\/profdephysique.fr\/wp-content\/uploads\/2022\/11\/Edouard_PT_01_LR.jpg","width":720,"height":405,"caption":"Cours particuliers de physique Chimie. Suivi et soutien scolaire. Niveau: Lyc\u00e9e et pr\u00e9paration au Bac."},{"@type":"BreadcrumbList","@id":"https:\/\/profdephysique.fr\/?page_id=357#breadcrumb","itemListElement":[{"@type":"ListItem","position":1,"name":"Home","item":"https:\/\/profdephysique.fr\/"},{"@type":"ListItem","position":2,"name":"Contact"}]},{"@type":"WebSite","@id":"https:\/\/profdephysique.fr\/#website","url":"https:\/\/profdephysique.fr\/","name":"Cours Particuliers de Physique","description":"Professeur de Physique Ind\u00e9pendant","publisher":{"@id":"https:\/\/profdephysique.fr\/#organization"},"potentialAction":[{"@type":"SearchAction","target":{"@type":"EntryPoint","urlTemplate":"https:\/\/profdephysique.fr\/?s={search_term_string}"},"query-input":{"@type":"PropertyValueSpecification","valueRequired":true,"valueName":"search_term_string"}}],"inLanguage":"en-GB"},{"@type":"Organization","@id":"https:\/\/profdephysique.fr\/#organization","name":"Cours Particuliers de Physique","url":"https:\/\/profdephysique.fr\/","logo":{"@type":"ImageObject","inLanguage":"en-GB","@id":"https:\/\/profdephysique.fr\/#\/schema\/logo\/image\/","url":"https:\/\/profdephysique.fr\/wp-content\/uploads\/2022\/11\/LOGOFR_LR.jpg","contentUrl":"https:\/\/profdephysique.fr\/wp-content\/uploads\/2022\/11\/LOGOFR_LR.jpg","width":1349,"height":194,"caption":"Cours Particuliers de Physique"},"image":{"@id":"https:\/\/profdephysique.fr\/#\/schema\/logo\/image\/"}}]}},"_links":{"self":[{"href":"https:\/\/profdephysique.fr\/index.php?rest_route=\/wp\/v2\/pages\/357","targetHints":{"allow":["GET"]}}],"collection":[{"href":"https:\/\/profdephysique.fr\/index.php?rest_route=\/wp\/v2\/pages"}],"about":[{"href":"https:\/\/profdephysique.fr\/index.php?rest_route=\/wp\/v2\/types\/page"}],"author":[{"embeddable":true,"href":"https:\/\/profdephysique.fr\/index.php?rest_route=\/wp\/v2\/users\/1"}],"replies":[{"embeddable":true,"href":"https:\/\/profdephysique.fr\/index.php?rest_route=%2Fwp%2Fv2%2Fcomments&post=357"}],"version-history":[{"count":51,"href":"https:\/\/profdephysique.fr\/index.php?rest_route=\/wp\/v2\/pages\/357\/revisions"}],"predecessor-version":[{"id":845,"href":"https:\/\/profdephysique.fr\/index.php?rest_route=\/wp\/v2\/pages\/357\/revisions\/845"}],"wp:attachment":[{"href":"https:\/\/profdephysique.fr\/index.php?rest_route=%2Fwp%2Fv2%2Fmedia&parent=357"}],"curies":[{"name":"wp","href":"https:\/\/api.w.org\/{rel}","templated":true}]}}